 common factor of 23458963 and 558646?
4169
Calculate the highest common divisor of 531789 and 75087.
309
What is the greatest common divisor of 237970 and 8791420?
4490
What is the greatest common divisor of 16152 and 2990736?
24
What is the greatest common divisor of 3231 and 1169981?
359
What is the greatest common divisor of 378173 and 245611?
79
What is the highest common factor of 384503 and 2009?
49
What is the greatest common divisor of 113239 and 40158247?
2311
Calculate the greatest common divisor of 20191 and 102941.
331
Calculate the greatest common divisor of 7373 and 316455.
73
Calculate the highest common divisor of 640059 and 174.
87
Calculate the highest common factor of 8027 and 3820714.
23
Calculate the highest common factor of 273 and 18819463.
13
Calculate the highest common factor of 20060 and 1289740.
1180
Calculate the highest common divisor of 828 and 61791754.
46
Calculate the highest common divisor of 8863400 and 10400.
2600
Calculate the greatest common factor of 189029 and 266706.
449
Calculate the greatest common divisor of 52012856 and 56.
56
Calculate the greatest common divisor of 19806224 and 1632.
272
Calculate the greatest common divisor of 707106 and 3474.
6
Calculate the greatest common factor of 61452 and 64710.
18
Calculate the greatest common divisor of 11919805 and 904.
113
Calculate the greatest common divisor of 270 and 8891262.
54
Calculate the highest common divisor of 395632 and 10270.
158
What is the greatest common factor of 9 and 344571876?
9
What is the highest common factor of 915 and 6723725?
305
What is the highest common divisor of 7670328 and 1248102?
4782
What is the highest common divisor of 3261 and 536488850?
1087
Calculate the highest common factor of 440581622 and 2652.
442
What is the highest common factor of 46164 and 10008?
12
What is the greatest common divisor of 2576 and 79694678?
322
What is the greatest common divisor of 26433645 and 406?
203
What is the highest common factor of 1354044 and 6042?
318
What is the highest common factor of 17380461 and 4179?
4179
Calculate the highest common factor of 31 and 457112391.
31
What is the greatest common factor of 32889126 and 976?
122
Calculate the greatest common factor of 236072 and 184.
184
What is the highest common divisor of 860 and 4066338?
86
What is the highest common factor of 1779 and 1248527106?
1779
What is the highest common divisor of 94105 and 2475?
55
Calculate the highest common factor of 26010 and 41274810.
1530
Calculate the greatest common divisor of 12512 and 2407387.
391
Calculate the greatest common divisor of 1944 and 135816.
24
What is the highest common divisor of 91622 and 515186?
1502
Calculate the highest common divisor of 158100 and 4131.
51
Calculate the highest common factor of 14629292 and 1722.
82
What is the highest common divisor of 217 and 101896907?
217
What is the greatest common factor of 702726065 and 1510?
755
What is the highest common factor of 421287 and 114?
57
Calculate the greatest common divisor of 310340 and 2130826.
526
What is the greatest common factor of 18597 and 3189?
3
Calculate the highest common factor of 16 and 652468.
4
What is the highest common divisor of 24 and 310374114?
6
Calculate the greatest common factor of 407102 and 220452752.
14038
What is the highest common divisor of 528 and 8463408?
48
Calculate the greatest common factor of 4 and 30694904.
4
What is the highest common factor of 37841 and 2361949?
479
Calculate the greatest common factor of 1620 and 3915195.
15
What is the highest common factor of 4122859 and 22659?
1079
What is the greatest common factor of 22434346 and 30877?
4411
Calculate the highest common divisor of 145403947 and 611.
611
Calculate the highest common factor of 6944904 and 12.
12
Calculate the highest common divisor of 742 and 122142422.
106
Calculate the greatest common divisor of 35986 and 820102.
1894
Calculate the greatest common factor of 256 and 2369438336.
128
Calculate the greatest common factor of 5214 and 36173863.
869
What is the greatest common divisor of 41061071 and 14326?
551
What is the greatest common factor of 3915 and 121305?
15
Calculate the highest common factor of 227698 and 46336.
362
What is the greatest common divisor of 3920 and 3763690?
490
What is the highest common divisor of 49 and 1134578?
1
What is the highest common divisor of 8568 and 3977456?
952
What is the greatest common factor of 63223347 and 3?
3
What is the highest common divisor of 4004 and 7033?
13
What is the highest common divisor of 55 and 53114611?
11
What is the greatest common divisor of 108 and 6766578?
54
What is the greatest common factor of 54 and 12130551?
9
What is the highest common divisor of 1972 and 4883658?
986
Calculate the greatest common factor of 1495 and 10424405.
115
Calculate the highest common factor of 53294 and 818.
2
What is the greatest common factor of 27793326 and 4510?
902
What is the greatest common factor of 12572205 and 3?
3
Calculate the greatest common factor of 1337 and 10073.
7
What is the highest common divisor of 406 and 4549636?
406
What is the highest common divisor of 53922 and 874?
38
Calculate the greatest common divisor of 5453047402 and 22.
22
What is the greatest common factor of 2098130 and 810?
10
Calculate the greatest common factor of 12093419 and 1963.
13
What is the greatest common factor of 1806103637 and 16462?
8231
Calculate the highest common divisor of 8349109 and 1.
1
What is the highest common factor of 48481551 and 3348?
837
What is the highest common factor of 3401 and 2587439?
19
Calculate the highest common factor of 186930 and 9211830.
2010
What is the highest common divisor of 188 and 15625996?
188
Calculate the greatest common divisor of 13832 and 9164792.
728
Calculate the highest common divisor of 72716927 and 4295.
859
Calculate the highest common factor of 53950906 and 2.
2
What is the greatest common factor of 1316 and 5664722?
658
What is the greatest common divisor of 813 and 42799572?
813
What is the highest common factor of 156259200 and 28800?
9600
What is the greatest common factor of 611630272 and 352?
352
What is the highest common factor of 27295016 and 504?
56
What is the greatest common factor of 1548 and 2480025?
129
What is the greatest common factor of 8924 and 3513434?
46
What is the greatest common divisor of 2573 and 32652269?
31
Calculate the greatest common factor of 50144825 and 10905.
3635
What is the highest common divisor of 3537 and 4802922?
27
Calculate the highest common factor of 6786 and 156966966.
6786
What is the highest common divisor of 1098 and 491478525?
549
Calculate the greatest common factor of 6139823 and 686994.
1487
What is the greatest common divisor of 36851607 and 4895?
89
Calculate the greatest common factor of 5093 and 58744051.
463
Calculate the greatest common factor of 963862 and 4154.
134
What is the highest common divisor of 70 and 129026786?
14
Calculate the highest common factor of 2393 and 337044478.
2393
What is the highest common divisor of 539958968 and 2017?
2017
Calculate the greatest common divisor of 17668156 and 562.
562
What is the greatest common factor of 5993256 and 20856?
1896
What is the highest common divisor of 3418707 and 98643?
393
Calculate the greatest common divisor of 21182308 and 15092.
1372
What is the highest common divisor of 36 and 274895001?
9
What is the highest common factor of 276076820 and 3220?
460
What is the greatest common divisor of 275 and 10520025?
25
What is the highest common divisor of 493442862 and 22?
22
Calculate the highest common factor of 16103182 and 11390.
2278
What is the highest common factor of 2909976 and 49494?
678
Calculate the greatest common factor of 1900140 and 9192.
12
What is the highest common factor of 238919138 and 370?
74
What is the greatest common factor of 582796 and 292192?
1588
What is the greatest common divisor of 29899 and 8352?
29
Calculate the highest common factor of 2886164 and 22944.
956
Calculate the greatest common divisor of 20 and 758259520.
20
Calculate the greatest common factor of 246867 and 24351749.
1159
Calculate the greatest common factor of 7616 and 4728227.
119
What is the highest common factor of 27158 and 230476?
734
Wha